{"id":217,"date":"2026-02-11T11:40:50","date_gmt":"2026-02-11T11:40:50","guid":{"rendered":"https:\/\/almoa.aau.at\/?page_id=45"},"modified":"2026-03-16T16:34:17","modified_gmt":"2026-03-16T15:34:17","slug":"almoa-associated-partners","status":"publish","type":"page","link":"https:\/\/almoa.aau.at\/?page_id=217","title":{"rendered":"ALMOA Associated Partners"},"content":{"rendered":"<div class=\"members\">\n<div class=\"member\">\n<p><img loading=\"lazy\" decoding=\"async\" class=\"alignnone size-medium wp-image-605\" src=\"https:\/\/almoa.aau.at\/wp-content\/uploads\/2026\/03\/DLR-300x200.jpg\" alt=\"\" width=\"300\" height=\"200\" srcset=\"https:\/\/almoa.aau.at\/wp-content\/uploads\/2026\/03\/DLR-300x200.jpg 300w, https:\/\/almoa.aau.at\/wp-content\/uploads\/2026\/03\/DLR-1024x683.jpg 1024w, https:\/\/almoa.aau.at\/wp-content\/uploads\/2026\/03\/DLR-768x512.jpg 768w, https:\/\/almoa.aau.at\/wp-content\/uploads\/2026\/03\/DLR-1536x1024.jpg 1536w, https:\/\/almoa.aau.at\/wp-content\/uploads\/2026\/03\/DLR-800x533.jpg 800w, https:\/\/almoa.aau.at\/wp-content\/uploads\/2026\/03\/DLR-360x240.jpg 360w, https:\/\/almoa.aau.at\/wp-content\/uploads\/2026\/03\/DLR.jpg 1920w\" sizes=\"auto, (max-width: 300px) 100vw, 300px\" \/><\/p>\n<p>Deutsches Zentrum f\u00fcr Luft- und Raumfahrt (DLR), Germany<\/p>\n<\/div>\n<div class=\"member\">\n<p><img loading=\"lazy\" decoding=\"async\" class=\"alignnone size-medium wp-image-607\" src=\"https:\/\/almoa.aau.at\/wp-content\/uploads\/2026\/03\/Mosek_transparent-300x61.png\" alt=\"\" width=\"300\" height=\"61\" srcset=\"https:\/\/almoa.aau.at\/wp-content\/uploads\/2026\/03\/Mosek_transparent-300x61.png 300w, https:\/\/almoa.aau.at\/wp-content\/uploads\/2026\/03\/Mosek_transparent.png 600w\" sizes=\"auto, (max-width: 300px) 100vw, 300px\" \/><\/p>\n<p>Mosek ApS, Denmark<\/p>\n<\/div>\n<div class=\"member\">\n<p><img loading=\"lazy\" decoding=\"async\" class=\"alignnone size-medium wp-image-608\" src=\"https:\/\/almoa.aau.at\/wp-content\/uploads\/2026\/03\/Optit1.png\" alt=\"\" width=\"300\" height=\"150\" \/><\/p>\n<p>Optit Srl, Italy<\/p>\n<\/div>\n<div class=\"member\">\n<p><img loading=\"lazy\" decoding=\"async\" class=\"alignnone wp-image-777 size-medium dsv\" src=\"https:\/\/almoa.aau.at\/wp-content\/uploads\/2026\/03\/DSV-e1773407429408-300x86.png\" alt=\"\" width=\"300\" height=\"86\" srcset=\"https:\/\/almoa.aau.at\/wp-content\/uploads\/2026\/03\/DSV-e1773407429408-300x86.png 300w, https:\/\/almoa.aau.at\/wp-content\/uploads\/2026\/03\/DSV-e1773407429408.png 449w\" sizes=\"auto, (max-width: 300px) 100vw, 300px\" \/><\/p>\n<p>DSV (Schenker AG), Germany<\/p>\n<\/div>\n<div class=\"member\">\n<p><img loading=\"lazy\" decoding=\"async\" class=\"alignnone size-medium wp-image-610\" src=\"https:\/\/almoa.aau.at\/wp-content\/uploads\/2026\/03\/Siemens_transparent-300x48.png\" alt=\"\" width=\"300\" height=\"48\" srcset=\"https:\/\/almoa.aau.at\/wp-content\/uploads\/2026\/03\/Siemens_transparent-300x48.png 300w, https:\/\/almoa.aau.at\/wp-content\/uploads\/2026\/03\/Siemens_transparent-1024x163.png 1024w, https:\/\/almoa.aau.at\/wp-content\/uploads\/2026\/03\/Siemens_transparent-768x122.png 768w, https:\/\/almoa.aau.at\/wp-content\/uploads\/2026\/03\/Siemens_transparent-1536x245.png 1536w, https:\/\/almoa.aau.at\/wp-content\/uploads\/2026\/03\/Siemens_transparent-2048x326.png 2048w, https:\/\/almoa.aau.at\/wp-content\/uploads\/2026\/03\/Siemens_transparent-800x128.png 800w\" sizes=\"auto, (max-width: 300px) 100vw, 300px\" \/><\/p>\n<p>Siemens AG, Germany<\/p>\n<\/div>\n<div class=\"member\">\n<p><img loading=\"lazy\" decoding=\"async\" class=\"alignnone size-medium wp-image-606\" src=\"https:\/\/almoa.aau.at\/wp-content\/uploads\/2026\/03\/IntsPolyParis-300x117.png\" alt=\"\" width=\"300\" height=\"117\" srcset=\"https:\/\/almoa.aau.at\/wp-content\/uploads\/2026\/03\/IntsPolyParis-300x117.png 300w, https:\/\/almoa.aau.at\/wp-content\/uploads\/2026\/03\/IntsPolyParis-1024x400.png 1024w, https:\/\/almoa.aau.at\/wp-content\/uploads\/2026\/03\/IntsPolyParis-768x300.png 768w, https:\/\/almoa.aau.at\/wp-content\/uploads\/2026\/03\/IntsPolyParis-1536x600.png 1536w, https:\/\/almoa.aau.at\/wp-content\/uploads\/2026\/03\/IntsPolyParis-2048x800.png 2048w, https:\/\/almoa.aau.at\/wp-content\/uploads\/2026\/03\/IntsPolyParis-800x312.png 800w\" sizes=\"auto, (max-width: 300px) 100vw, 300px\" \/><\/p>\n<p>Institut Polytechnique de Paris, France<\/p>\n<\/div>\n<div class=\"member\">\n<p><img loading=\"lazy\" decoding=\"async\" class=\"alignnone size-medium wp-image-611\" src=\"https:\/\/almoa.aau.at\/wp-content\/uploads\/2026\/03\/UniParis_math-300x83.jpg\" alt=\"\" width=\"300\" height=\"83\" srcset=\"https:\/\/almoa.aau.at\/wp-content\/uploads\/2026\/03\/UniParis_math-300x83.jpg 300w, https:\/\/almoa.aau.at\/wp-content\/uploads\/2026\/03\/UniParis_math.jpg 500w\" sizes=\"auto, (max-width: 300px) 100vw, 300px\" \/><\/p>\n<p>Mines Paris \u2014 Universit\u00e9 Paris Sciences et Lettres (PSL), France<\/p>\n<\/div>\n<div class=\"member\">\n<p><img loading=\"lazy\" decoding=\"async\" class=\"alignnone size-medium wp-image-612\" src=\"https:\/\/almoa.aau.at\/wp-content\/uploads\/2026\/03\/UniPisa_transparent_blue_text-300x109.png\" alt=\"\" width=\"300\" height=\"109\" srcset=\"https:\/\/almoa.aau.at\/wp-content\/uploads\/2026\/03\/UniPisa_transparent_blue_text-300x109.png 300w, https:\/\/almoa.aau.at\/wp-content\/uploads\/2026\/03\/UniPisa_transparent_blue_text-1024x372.png 1024w, https:\/\/almoa.aau.at\/wp-content\/uploads\/2026\/03\/UniPisa_transparent_blue_text-768x279.png 768w, https:\/\/almoa.aau.at\/wp-content\/uploads\/2026\/03\/UniPisa_transparent_blue_text-1536x558.png 1536w, https:\/\/almoa.aau.at\/wp-content\/uploads\/2026\/03\/UniPisa_transparent_blue_text-2048x744.png 2048w, https:\/\/almoa.aau.at\/wp-content\/uploads\/2026\/03\/UniPisa_transparent_blue_text-800x291.png 800w\" sizes=\"auto, (max-width: 300px) 100vw, 300px\" \/><\/p>\n<p>Universit\u00e0 di Pisa, Italy<\/p>\n<\/div>\n<div class=\"member\">\n<p><img loading=\"lazy\" decoding=\"async\" class=\"alignnone size-medium wp-image-609\" src=\"https:\/\/almoa.aau.at\/wp-content\/uploads\/2026\/03\/Sapienz_transparent_red-300x90.png\" alt=\"\" width=\"300\" height=\"90\" srcset=\"https:\/\/almoa.aau.at\/wp-content\/uploads\/2026\/03\/Sapienz_transparent_red-300x90.png 300w, https:\/\/almoa.aau.at\/wp-content\/uploads\/2026\/03\/Sapienz_transparent_red-768x231.png 768w, https:\/\/almoa.aau.at\/wp-content\/uploads\/2026\/03\/Sapienz_transparent_red-800x241.png 800w, https:\/\/almoa.aau.at\/wp-content\/uploads\/2026\/03\/Sapienz_transparent_red.png 960w\" sizes=\"auto, (max-width: 300px) 100vw, 300px\" \/><\/p>\n<p>Sapienza Universit\u00e0 di Roma, Italy<\/p>\n<\/div>\n<div class=\"member\">\n<p><img loading=\"lazy\" decoding=\"async\" class=\"alignnone size-medium wp-image-613\" src=\"https:\/\/almoa.aau.at\/wp-content\/uploads\/2026\/03\/Uni-Utrecht_transaparent-e1772615925331-300x109.png\" alt=\"\" width=\"300\" height=\"109\" srcset=\"https:\/\/almoa.aau.at\/wp-content\/uploads\/2026\/03\/Uni-Utrecht_transaparent-e1772615925331-300x109.png 300w, https:\/\/almoa.aau.at\/wp-content\/uploads\/2026\/03\/Uni-Utrecht_transaparent-e1772615925331.png 766w\" sizes=\"auto, (max-width: 300px) 100vw, 300px\" \/><\/p>\n<p>Universiteit Utrecht, Netherlands<\/p>\n<\/div>\n<\/div>\n","protected":false},"excerpt":{"rendered":"<p>Deutsches Zentrum f\u00fcr Luft- und Raumfahrt (DLR), Germany Mosek ApS, Denmark Optit Srl, Italy DSV (Schenker AG), Germany Siemens AG, Germany Institut Polytechnique de Paris, France Mines Paris \u2014 Universit\u00e9 Paris Sciences et Lettres (PSL), France Universit\u00e0 di Pisa, Italy Sapienza Universit\u00e0 di Roma, Italy Universiteit Utrecht, Netherlands<\/p>\n","protected":false},"author":3,"featured_media":0,"parent":0,"menu_order":0,"comment_status":"closed","ping_status":"closed","template":"","meta":{"_crdt_document":"","footnotes":""},"class_list":["post-217","page","type-page","status-publish","hentry"],"_links":{"self":[{"href":"https:\/\/almoa.aau.at\/index.php?rest_route=\/wp\/v2\/pages\/217","targetHints":{"allow":["GET"]}}],"collection":[{"href":"https:\/\/almoa.aau.at\/index.php?rest_route=\/wp\/v2\/pages"}],"about":[{"href":"https:\/\/almoa.aau.at\/index.php?rest_route=\/wp\/v2\/types\/page"}],"author":[{"embeddable":true,"href":"https:\/\/almoa.aau.at\/index.php?rest_route=\/wp\/v2\/users\/3"}],"replies":[{"embeddable":true,"href":"https:\/\/almoa.aau.at\/index.php?rest_route=%2Fwp%2Fv2%2Fcomments&post=217"}],"version-history":[{"count":12,"href":"https:\/\/almoa.aau.at\/index.php?rest_route=\/wp\/v2\/pages\/217\/revisions"}],"predecessor-version":[{"id":811,"href":"https:\/\/almoa.aau.at\/index.php?rest_route=\/wp\/v2\/pages\/217\/revisions\/811"}],"wp:attachment":[{"href":"https:\/\/almoa.aau.at\/index.php?rest_route=%2Fwp%2Fv2%2Fmedia&parent=217"}],"curies":[{"name":"wp","href":"https:\/\/api.w.org\/{rel}","templated":true}]}}